{"id":463,"date":"2017-07-28T16:54:42","date_gmt":"2017-07-28T14:54:42","guid":{"rendered":"http:\/\/devoirsvt.free.fr\/?page_id=463"},"modified":"2022-08-26T22:59:43","modified_gmt":"2022-08-26T20:59:43","slug":"creer-une-animation-en-volume-stop-motion","status":"publish","type":"page","link":"https:\/\/devoirsvt.fabien-nguyen.fr\/?page_id=463","title":{"rendered":"Cr\u00e9er une animation en volume (stop motion)"},"content":{"rendered":"<h3>Le principe de l&rsquo;animation en volume (stop motion)<\/h3>\n<ul>\n<li>Un exemple de film d&rsquo;animation en volume<br \/><iframe loading=\"lazy\" width=\"560\" height=\"315\" src=\"https:\/\/www.youtube.com\/embed\/kTGx64R-IJ8\" frameborder=\"0\" allowfullscreen><\/iframe><\/li>\n<li>Comment faire un film en stop motion ?<br \/><iframe loading=\"lazy\" width=\"560\" height=\"315\" src=\"https:\/\/www.youtube.com\/embed\/fjTiPikhRo0\" frameborder=\"0\" allowfullscreen><\/iframe><\/li>\n<li>Conseils d&rsquo;animation d&rsquo;un film avec des L\u00e9go<br \/><iframe loading=\"lazy\" width=\"560\" height=\"315\" src=\"https:\/\/www.youtube.com\/embed\/dCZ3Lek5qJc\" frameborder=\"0\" allowfullscreen><\/iframe><\/li>\n<li>Tutoriel d&rsquo;utilisation de l&rsquo;app \u00ab\u00a0Animation en volume\u00a0\u00bb (ou <i>Stop motion<\/i><br \/><iframe loading=\"lazy\" width=\"560\" height=\"315\" src=\"https:\/\/www.youtube.com\/embed\/TouLnM61bQw\" frameborder=\"0\" allowfullscreen><\/iframe><\/li>\n<li>Un autre tutoriel d&rsquo;utilisation de l&rsquo;app \u00ab\u00a0Animation en volume\u00a0\u00bb (ou <i>Stop motion<\/i>)<br \/><iframe loading=\"lazy\" width=\"560\" height=\"315\" src=\"https:\/\/www.youtube.com\/embed\/sjh8ePTjnGU\" frameborder=\"0\" allowfullscreen><\/iframe><\/li>\n<\/ul>\n<h3>Conseils de r\u00e9alisation<\/h3>\n<h4>R\u00e9unir tous les \u00e9l\u00e9ments \u00e0 animer et de d\u00e9cor avant le jour du tournage<\/h4>\n<p>Afin d&rsquo;\u00e9viter toute absence des \u00e9l\u00e9ments \u00e0 animer le jour du tournage et de v\u00e9rifier que les tailles relatives des objets sont correctes (il serait dommage qu&rsquo;un nuage \u00e0 animer soit plus grand que l&rsquo;oc\u00e9an qu&rsquo;il est cens\u00e9 survoler), il vaut mieux rassembler tous les \u00e9l\u00e9ments, v\u00e9rifier qu&rsquo;ils sont bien tous pr\u00e9sents pour, qu&rsquo;en cas de besoin, les derniers objets puissent \u00eatre apport\u00e9s le jour j.<\/p>\n<h4>Caler le smartphone\/tablette au-dessus de la sc\u00e8ne \u00e0 filmer<\/h4>\n<p>Les \u00e9l\u00e9ments \u00e9tant destin\u00e9s \u00e0 effectuer de petits d\u00e9placements photographi\u00e9s image par image pour donner l&rsquo;illusion d&rsquo;un mouvement, le plus simple est de <b>placer le d\u00e9cor et les acteurs sur une table<\/b>. Il est donc n\u00e9cessaire de placer le smartphone\/tablette qui va effectuer le tournage <b>\u00e0 l&rsquo;horizontale, au-dessus de la sc\u00e8ne<\/b>.<\/p>\n<p>Pour cela, deux solutions :<\/p>\n<ul>\n<li><img decoding=\"async\" src=\"wp-content\/uploads\/2018\/03\/Tr\u00e9pied-avec-smartphone-300x300.jpg\" alt=\"Tr\u00e9pied avec smartphone\" width=\"300\" alt=\"Tr\u00e9pied avec smartphone\" title=\"Tr\u00e9pied avec smartphone\" align=\"right\">fixer le smartphone\/tablette sur un support sur un tr\u00e9pied classique pour appareil photo ou cam\u00e9ra. La platine du tr\u00e9pied est \u00e0 faire basculer vers l&rsquo;avant pour que l&rsquo;appareil soit \u00e0 l&rsquo;horizontale. Cependant, compte tenu de la taille de la zone filmable par le smartphone\/tablette et de l&rsquo;\u00e9cartement des pieds du tr\u00e9pied, il est fort probable que les pieds apparaissent dans le champ de vision. Il est donc conseill\u00e9 d&rsquo;\u00e9tirer les pieds au maximum, de les laisser rassembl\u00e9s, de les caler contre le bord de la table et de les bloquer avec les cartables des \u00e9l\u00e8ves. Ainsi, le tr\u00e9pied est stable et les pieds hors de la zone de tournage ;\n<li><img decoding=\"async\" src=\"wp-content\/uploads\/2018\/03\/Mini-tr\u00e9pied-300x150.jpg\" alt=\"Mini-tr\u00e9pied\" width=\"300\" title=\"Mini-tr\u00e9pied\" alt=\"Mini-tr\u00e9pied\" align=\"right\" \/>fixer le smartphone\/tablette sur un mini-tr\u00e9pied. Ce mini-tr\u00e9pied \u00e9tant trop petit pour filmer la sc\u00e8ne, une possibilit\u00e9 est d&#8217;empiler des livres et de bloquer le tr\u00e9pied, pieds rassembl\u00e9s, \u00e0 l&rsquo;horizontale. L&rsquo;appareil est ainsi plac\u00e9 \u00e0 l&rsquo;horizontale pour filmer la sc\u00e8ne.<\/li>\n<\/ul>\n<h4>Avoir un \u00e9clairage suffisant et constant pour le tournage<\/h4>\n<p>L&rsquo;animation se d\u00e9roulant souvent sur une unit\u00e9 de temps assez courte, il est n\u00e9cessaire que l&rsquo;\u00e9clairage soit constant. Pour cela, le plus ais\u00e9 est d&rsquo;utiliser l&rsquo;<b>\u00e9clairage naturel du jour<\/b> \u00e0 travers les fen\u00eatres de la pi\u00e8ce. L&rsquo;\u00e9clairage est souvent <b>lat\u00e9ral<\/b>, ce qui cr\u00e9e des ombres pas n\u00e9cessairement voulues sur la vid\u00e9o. Des <b>\u00e9clairages suppl\u00e9mentaires<\/b> sont donc n\u00e9cessaires. Le plafonnier est le plus courant, mais il induit deux points importants :<\/p>\n<ul>\n<li>il faut <b>placer la zone de tournage \u00e0 l&rsquo;aplomb d&rsquo;un \u00e9clairage du plafond<\/b> afin d&rsquo;\u00e9viter les ombres port\u00e9es ;<\/li>\n<li>au moment de prendre les photos pour l&rsquo;animation, tous les membres de l&rsquo;\u00e9quipe de tournage doit s&rsquo;\u00e9carter pour \u00e9viter de projeter toute ombre sur la sc\u00e8ne.\n<\/ul>\n<h4>Utiliser le zoom num\u00e9rique de l&rsquo;app <i>Stop motion<\/i><\/h4>\n<p>&#8230; avec parcimonie, la qualit\u00e9 d&rsquo;image se d\u00e9gradant en zoomant de mani\u00e8re trop importante (le zoom num\u00e9rique n&rsquo;est qu&rsquo;un recadrage dans l&rsquo;image, la d\u00e9finition de l&rsquo;image diminue donc). Afin de cadrer au mieux, il est possible de jouer sur la hauteur du smartphone\/tablette, mais, dans la version pour iOS de l&rsquo;app, un zoom num\u00e9rique est disponible par un mouvement de pinch. Le cadrage est ainsi plus fin et rapide qu&rsquo;avec un changement de hauteur de l&rsquo;appareil.<\/p>\n<h4>Activer la fonction \u00ab\u00a0pelure d&rsquo;ognon\u00a0\u00bb pour contr\u00f4ler les mouvements des objets<\/h4>\n<p>Cette fonction est <u>capitale<\/u> pour le tournage d&rsquo;une animation image par image : elle consiste \u00e0 <b>superposer la pr\u00e9c\u00e9dente image \u00e0 l&rsquo;actuelle vue \u00e0 travers l&rsquo;objectif<\/b>. Ceci permet de v\u00e9rifier que le mouvement n&rsquo;est pas trop important entre deux images, ce qui la rendrait trop saccad\u00e9e ; trop peu important, ce qui la rendrait trop lente ; dans la mauvaise direction, ce qui la rendrait trop difficile \u00e0 comprendre.<\/p>\n<h4>Contr\u00f4ler la sc\u00e8ne \u00e0 travers l&rsquo;\u00e9cran du smartphone\/tablette avant de d\u00e9clencher<\/h4>\n<p>Les mains qui trainent, les \u00e9l\u00e9ments qui ont boug\u00e9 par inadvertance, un bout de v\u00eatement qui envahit la zone de tournage, tous ceci peuvent faire rater une prise de vue. Il est donc n\u00e9cessaire que plusieurs membres de l&rsquo;\u00e9quipe restent concentr\u00e9s sur les d\u00e9placements des objets et les \u00e9ventuels \u00e9l\u00e9ments ind\u00e9sirables qui entreraient dans le champ, afin d&rsquo;assurer un tournage fluide et qualitatif.<\/p>\n<h4>Contr\u00f4ler les prises de vue au cours du tournage<\/h4>\n<p>L&rsquo;app <i>Stop motion<\/i> permet de sortir de l&rsquo;onglet Prise de vue pour revenir \u00e0 l&rsquo;\u00e9cran d&rsquo;accueil du projet. Il est alors possible de faire d\u00e9filer l&rsquo;animation \u00e0 vitesse r\u00e9elle afin de contr\u00f4ler sa justesse et sa fluidit\u00e9, mais \u00e9galement de supprimer les images posant probl\u00e8me. Revenir au moment de l&rsquo;image erron\u00e9e pour replacer les \u00e9l\u00e9ments au bon emplacement pour r\u00e9it\u00e9rer les prises de vue est alors ais\u00e9.<\/p>\n<h4>Exporter la vid\u00e9o \u00e0 la plus forte d\u00e9finition d&rsquo;image<\/h4>\n<p>Dans la version iOS de l&rsquo;app <i>Stop motion<\/i>, la d\u00e9finition HD (1920 x 1080 pixels) est la d\u00e9finition par d\u00e9faut. Dans les versions Android, selon la qualit\u00e9 du capteur photographique du smartphone\/tablette, la d\u00e9finition peut \u00eatre HD ou inf\u00e9rieure. Dans tous les cas, il est pr\u00e9f\u00e9rable d&rsquo;exporter la vid\u00e9o \u00e0 la plus haute d\u00e9finition possible d\u00e9livr\u00e9e par l&rsquo;app.<\/p>\n","protected":false},"excerpt":{"rendered":"<p>Le principe de l&rsquo;animation en volume (stop motion) Un exemple de film d&rsquo;animation en volume Comment faire un film en stop motion ? Conseils d&rsquo;animation d&rsquo;un film avec des L\u00e9go Tutoriel d&rsquo;utilisation de l&rsquo;app \u00ab\u00a0Animation en volume\u00a0\u00bb (ou Stop motion Un autre tutoriel d&rsquo;utilisation de l&rsquo;app \u00ab\u00a0Animation en volume\u00a0\u00bb (ou Stop motion) Conseils de r\u00e9alisation [&hellip;]<\/p>\n","protected":false},"author":1,"featured_media":0,"parent":0,"menu_order":0,"comment_status":"closed","ping_status":"closed","template":"","meta":{"_mo_disable_npp":"","footnotes":""},"class_list":["post-463","page","type-page","status-publish","hentry"],"_links":{"self":[{"href":"https:\/\/devoirsvt.fabien-nguyen.fr\/index.php?rest_route=\/wp\/v2\/pages\/463","targetHints":{"allow":["GET"]}}],"collection":[{"href":"https:\/\/devoirsvt.fabien-nguyen.fr\/index.php?rest_route=\/wp\/v2\/pages"}],"about":[{"href":"https:\/\/devoirsvt.fabien-nguyen.fr\/index.php?rest_route=\/wp\/v2\/types\/page"}],"author":[{"embeddable":true,"href":"https:\/\/devoirsvt.fabien-nguyen.fr\/index.php?rest_route=\/wp\/v2\/users\/1"}],"replies":[{"embeddable":true,"href":"https:\/\/devoirsvt.fabien-nguyen.fr\/index.php?rest_route=%2Fwp%2Fv2%2Fcomments&post=463"}],"version-history":[{"count":9,"href":"https:\/\/devoirsvt.fabien-nguyen.fr\/index.php?rest_route=\/wp\/v2\/pages\/463\/revisions"}],"predecessor-version":[{"id":2251,"href":"https:\/\/devoirsvt.fabien-nguyen.fr\/index.php?rest_route=\/wp\/v2\/pages\/463\/revisions\/2251"}],"wp:attachment":[{"href":"https:\/\/devoirsvt.fabien-nguyen.fr\/index.php?rest_route=%2Fwp%2Fv2%2Fmedia&parent=463"}],"curies":[{"name":"wp","href":"https:\/\/api.w.org\/{rel}","templated":true}]}}